{"id":190,"date":"2014-10-04T11:55:37","date_gmt":"2014-10-04T10:55:37","guid":{"rendered":"https:\/\/letourdumondeen.fr\/?page_id=190"},"modified":"2019-12-05T22:13:20","modified_gmt":"2019-12-05T21:13:20","slug":"pourquoi-le-tour-du-monde","status":"publish","type":"page","link":"https:\/\/letourdumondeen.fr\/?page_id=190","title":{"rendered":"Pourquoi le tour du monde ?"},"content":{"rendered":"<p>Bien que propuls\u00e9 par certains \u00e9v\u00e9nements ext\u00e9rieurs, ce choix, cette envie de partir n&rsquo;a pas \u00e9t\u00e9 un simple coup de t\u00eate. Cette id\u00e9e a germ\u00e9 en grandissant devant les fabuleux reportages National Geographic du dimanche apr\u00e8s-midi et en revoyant 15 fois Indiana Jones, mais aussi \u00e0 cause\/gr\u00e2ce \u00e0 un sentiment de frustration apr\u00e8s avoir pass\u00e9 toutes mes vacances d&rsquo;\u00e9t\u00e9 au 4 coins de la France, sans jamais d\u00e9passer aucune fronti\u00e8re. Assez t\u00f4t, je me suis dit \u00ab\u00a0Un jour, je ferai le tour du monde\u00a0\u00bb. Puis cette ann\u00e9e en \u00c9cosse m&rsquo;a convaincu de deux choses dont je me doutais d\u00e9j\u00e0 : la richesse des \u00e9changes interculturels et l&rsquo;\u00e9panouissement que l&rsquo;on tire en vivant dans un autre environnement.<\/p>\n<p style=\"text-align: right;\">Virginie.<\/p><p><strong><span style=\"text-decoration: underline;\">Nos motivations<\/span> :<\/strong><\/p><p><strong>&gt;&gt; \u00c9vasion<\/strong><\/p><p>Voyager, c\u2019est partir \u00e0 la d\u00e9couverte des richesses du monde.<\/p><p>C\u2019est d\u00e9couvrir des cultures qui nous sont compl\u00e8tement \u00e9trang\u00e8res. C\u2019est d\u00e9couvrir des espaces naturels pr\u00e9serv\u00e9s ; des animaux majestueux, des v\u00e9g\u00e9taux flamboyants.<\/p><p><strong>&gt;&gt; Introspection<\/strong><\/p><p>Voyager c\u2019est aussi s\u2019immerger dans l\u2019inconnu.<\/p><p>C\u2019est \u00eatre confront\u00e9 \u00e0 des probl\u00e9matiques nouvelles et savoir prendre le temps de les analyser avec humilit\u00e9. C\u2019est remettre en question ses habitudes, ses limites, son regard sur la vie.<\/p><p><strong>&gt;&gt; Digression<\/strong><\/p><p>Voyager vraiment, c&rsquo;est partir longtemps.<\/p><p>C&rsquo;est prendre le temps de d\u00e9couvrir, de vivre plus pr\u00e8s des populations locales, d&rsquo;exp\u00e9rimenter les choses en d\u00e9tail. C&rsquo;est surtout l&rsquo;occasion de faire une vraie pause avec les obligations quotidiennes de la vie.<\/p><p>&nbsp;<\/p>\n","protected":false},"excerpt":{"rendered":"<p>Bien que propuls\u00e9 par certains \u00e9v\u00e9nements ext\u00e9rieurs, ce choix, cette envie de partir n&rsquo;a pas \u00e9t\u00e9 un simple coup de t\u00eate. Cette id\u00e9e a germ\u00e9 en grandissant devant les fabuleux reportages National Geographic du dimanche apr\u00e8s-midi et en revoyant 15<\/p>\n","protected":false},"author":2,"featured_media":0,"parent":166,"menu_order":0,"comment_status":"open","ping_status":"open","template":"","meta":{"ngg_post_thumbnail":0,"footnotes":"","_links_to":"","_links_to_target":""},"class_list":["post-190","page","type-page","status-publish","hentry"],"_links":{"self":[{"href":"https:\/\/letourdumondeen.fr\/index.php?rest_route=\/wp\/v2\/pages\/190","targetHints":{"allow":["GET"]}}],"collection":[{"href":"https:\/\/letourdumondeen.fr\/index.php?rest_route=\/wp\/v2\/pages"}],"about":[{"href":"https:\/\/letourdumondeen.fr\/index.php?rest_route=\/wp\/v2\/types\/page"}],"author":[{"embeddable":true,"href":"https:\/\/letourdumondeen.fr\/index.php?rest_route=\/wp\/v2\/users\/2"}],"replies":[{"embeddable":true,"href":"https:\/\/letourdumondeen.fr\/index.php?rest_route=%2Fwp%2Fv2%2Fcomments&post=190"}],"version-history":[{"count":5,"href":"https:\/\/letourdumondeen.fr\/index.php?rest_route=\/wp\/v2\/pages\/190\/revisions"}],"predecessor-version":[{"id":8435,"href":"https:\/\/letourdumondeen.fr\/index.php?rest_route=\/wp\/v2\/pages\/190\/revisions\/8435"}],"up":[{"embeddable":true,"href":"https:\/\/letourdumondeen.fr\/index.php?rest_route=\/wp\/v2\/pages\/166"}],"wp:attachment":[{"href":"https:\/\/letourdumondeen.fr\/index.php?rest_route=%2Fwp%2Fv2%2Fmedia&parent=190"}],"curies":[{"name":"wp","href":"https:\/\/api.w.org\/{rel}","templated":true}]}}

<p>Bien que propulsé par certains événements extérieurs, ce choix, cette envie de partir n&rsquo;a pas été un simple coup de tête. Cette idée a germé en grandissant devant les fabuleux reportages National Geographic du dimanche après-midi et en revoyant 15 fois Indiana Jones, mais aussi à cause/grâce à un sentiment de frustration après avoir passé toutes mes vacances d&rsquo;été au 4 coins de la France, sans jamais dépasser aucune frontière. Assez tôt, je me suis dit « Un jour, je ferai le tour du monde ». Puis cette année en Écosse m&rsquo;a convaincu de deux choses dont je me doutais déjà : la richesse des échanges interculturels et l&rsquo;épanouissement que l&rsquo;on tire en vivant dans un autre environnement.</p>
<p style="text-align: right;">Virginie.</p><p><strong><span style="text-decoration: underline;">Nos motivations</span> :</strong></p><p><strong>&gt;&gt; Évasion</strong></p><p>Voyager, c’est partir à la découverte des richesses du monde.</p><p>C’est découvrir des cultures qui nous sont complètement étrangères. C’est découvrir des espaces naturels préservés ; des animaux majestueux, des végétaux flamboyants.</p><p><strong>&gt;&gt; Introspection</strong></p><p>Voyager c’est aussi s’immerger dans l’inconnu.</p><p>C’est être confronté à des problématiques nouvelles et savoir prendre le temps de les analyser avec humilité. C’est remettre en question ses habitudes, ses limites, son regard sur la vie.</p><p><strong>&gt;&gt; Digression</strong></p><p>Voyager vraiment, c&rsquo;est partir longtemps.</p><p>C&rsquo;est prendre le temps de découvrir, de vivre plus près des populations locales, d&rsquo;expérimenter les choses en détail. C&rsquo;est surtout l&rsquo;occasion de faire une vraie pause avec les obligations quotidiennes de la vie.</p><p>&nbsp;</p>

<p>Bien que propulsé par certains événements extérieurs, ce choix, cette envie de partir n&rsquo;a pas été un simple coup de tête. Cette idée a germé en grandissant devant les fabuleux reportages National Geographic du dimanche après-midi et en revoyant 15</p>
